ors of d(5)?
3, 197
Let w(r) = r**2 - 5*r + 3. Let t be w(3). Let f(q) = -9*q + 9. List the prime factors of f(t).
2, 3
Suppose 2*u + u = 6. Suppose -2*r + 4*b = 119 + 3, 0 = -u*r + b - 119. Let f = -34 - r. List the prime factors of f.
5
Let y(c) = 24*c**2 + 2*c - 1. Suppose f = 3*f + 6. Let i be (4 + f + -3)/(-2). List the prime factors of y(i).
5
Let t = 11 + -15. Let s(f) be the second derivative of f**4/12 - f**3/3 - 2*f**2 - 5*f. List the prime factors of s(t).
2, 5
Suppose 0*j = 5*j - 2*d - 15284, -3062 = -j + 3*d. What are the prime factors of j?
2, 191
Let b = -620 - -2554. What are the prime factors of b?
2, 967
Let w(m) = -915*m + 211. List the prime factors of w(-5).
2, 2393
Let w = 1326 + -846. List the prime factors of w.
2, 3, 5
Suppose -2*b + 10 = -4*b. Let q(o) = o**3 + 6*o**2 + 4*o - 3. Let m be q(b). Suppose -y + g = -23, m*g = 4 + 2. List the prime factors of y.
2, 13
Let x be -3 - ((-9 + 3)/(-3) + -180). Let y = -98 + x. What are the prime factors of y?
7, 11
Let w = 3 - -6. Let b = -42 + w. Let y = b + 66. List the prime factors of y.
3, 11
Suppose -5*r - 8603 = -3*f, -34*f = -39*f - r + 14357. List the prime factors of f.
3, 11, 29
Let i be (-60)/(-50)*(-5)/(-2). Let d be (-289)/(-6) + (-4)/24. Suppose -33 - d = -i*k. What are the prime factors of k?
3
Let r(o) = o**2 - 9*o + 10. Let h be r(8). Suppose -h*m + u + 51 = 0, 2*m - 56 = 3*u + 1. Suppose -4*l + m = -0*l. List the prime factors of l.
2, 3
Suppose -4*v = -5*w + 11, 5*v - 2 + 3 = 2*w. Let n(z) = 3 + w - z - 4 + 6*z. List the prime factors of n(3).
17
Let d be -3*(0 + (-1)/(-3)). Let l(t) = 40*t**2 - 7*t + 5. Let o(q) = 60*q**2 - 10*q + 7. Let m(s) = -7*l(s) + 5*o(s). What are the prime factors of m(d)?
3, 7
Let g(q) = q**3 + 3*q**2 + q + 4. Let c be g(-3). Let p be 2/(8/(-20))*c. List the prime factors of 25 - (p + 3 + 1).
2, 13
Let b = -72 - -42. List the prime factors of (-290)/(-22) - b/(-165).
13
Suppose 4*r = r + 15. Suppose -348 = -k - r*k. What are the prime factors of k?
2, 29
Let w(g) = -g**2 - 14*g + 1. Let l = -20 - -7. List the prime factors of w(l).
2, 7
Let r(c) = 2*c**2 - 2*c + 2. Let g be r(2). Let k be 2 + g + -4 + -53. What are the prime factors of 4/(-16)*k*4?
7
Suppose 5*l - 30 = 5*y, -36 = 3*y - 48. Suppose 164 - 23 = r + 3*d, 423 = 3*r - 2*d. Suppose 5*u = -2*g + r, 0*g - l = 5*g. What are the prime factors of u?
29
Let v be 2*2/(3 + 1). Let h = v - 0. Suppose -l = -0*u + u - 13, u = h. What are the prime factors of l?
2, 3
Let a be -1 - 104/(-12)*3. List the prime factors of a + 0*(-2)/4.
5
Let a(m) = -53*m - 36. What are the prime factors of a(-13)?
653
Let p = -138 + 138. Suppose -3*z = -2*f - 323, p = 4*z + 3*f + 52 - 477. List the prime factors of z.
107
Suppose -3*o - 208 = -5*o. What are the prime factors of o?
2, 13
Let j be ((-6)/9)/(4/(-78)). Let n = -10 + j. Suppose 2*d = n*d - 48. List the prime factors of d.
2, 3
Let s(g) = -62*g + 10. Let q = 31 - 22. Let i be s(q). List the prime factors of i/(-36) + (-2)/9.
3, 5
Let k(s) = s**3 - 2*s**2 - 2*s + 3. What are the prime factors of k(9)?
2, 3, 23
Suppose -21*z + 24*z - 6 = 0. Suppose 4*q + z*c - 447 = 195, 5*c + 501 = 3*q. List the prime factors of q.
2, 3
Let p = 59 - 291. Let s = -158 - p. List the prime factors of s.
2, 37
Let x = 27 - 17. Let k = 12 - x. Suppose 0 = 4*n + k*f + 3*f - 102, -4*n - 4*f = -100. What are the prime factors of n?
23
Let q be 75/(-6) + (-1)/2. Let v = 16 + q. Suppose 3*b - 8*b + 2*n = -218, -4*b - v*n = -156. List the prime factors of b.
2, 3, 7
Let r = -237 - -491. What are the prime factors of r?
2, 127
Let i(d) = d - 6. Let l be i(10). Let o be (l/(-6))/(9/(-27)). Suppose -o*z = 2*z - 32. What are the prime factors of z?
2
Let t(a) = a**3 + 21*a**2 + 17*a + 22. List the prime factors of t(-9).
29
List the prime factors of (-2 - -427) + (-6)/1.
419
Suppose 24*z - 17600 = 2*z. List the prime factors of z.
2, 5
Suppose 5*i - 2151 = 4*n, -i + 7*n - 3*n = -427. What are the prime factors of i?
431
Suppose -3*j + 3 = -2*j. Let w(g) = 0*g - g + 11*g**j - 2*g**2 + 7 - 9*g**3. List the prime factors of w(3).
2, 5
Let n be 11/((-33)/(-42)) - 0. Suppose a = 2*a - 2. Suppose 4*l + a*v + n - 224 = 0, 5*l = -5*v + 275. List the prime factors of l.
2, 5
Suppose 4*l + 264 = -8*l. Let a = 79 - l. List the prime factors of a.
101
Let t(z) = -z + 13. Let f be t(10). Suppose 4*n = w, f*w = 5*w - 4*n - 4. What are the prime factors of w?
2
Let q = -10 + 14. Suppose 4*f + 2*t = -2*t + 320, -q*f = t - 323. List the prime factors of f.
3
Let w(k) = k**2 + 7*k - 4. Let j be w(-7). Let p be (j + 0)*10/(-4). What are the prime factors of (-4)/5 + 308/p?
2, 3, 5
Suppose -2*v + 10 = 2. Suppose -70 = -3*m + v*m. Let u = 128 + m. What are the prime factors of u?
2, 29
Let m be ((-40)/(-10))/(2/(-5)). Let b = m - -38. List the prime factors of b.
2, 7
Let q(a) = -69*a + 124. List the prime factors of q(-13).
1021
Let s(d) be the second derivative of d**4/3 + 3*d**3/2 - 3*d**2/2 - 5*d. List the prime factors of s(-4).
5
Let a(r) = r**2 - r + 2. Let u be a(0). Suppose y - 2 = 0, -3*n + u + 5 = -y. Suppose 0*g - n*g = -72. What are the prime factors of g?
2, 3
Suppose -4*y - 13 + 37 = 0. Suppose 11*d = y*d + 20. List the prime factors of 57 - (d + 0) - 1.
2, 13
Suppose 5*r - 4*h - 23 = 0, -2*r = -0*r + 4*h + 2. Suppose -q = r*q - 16. Let b(c) = c**2 + 4. What are the prime factors of b(q)?
2, 5
Let s(o) = o**3 - 4*o**2 - 6. Let j = 7 - 5. Suppose -j*p + 0*p = -10. List the prime factors of s(p).
19
Let n be (580/(-6))/(9/(-27)). Suppose 3*p - n = -2*p. What are the prime factors of p?
2, 29
Let f = 123 - -237. List the prime factors of f.
2, 3, 5
Let n(d) = d**3 - 24*d**2 + 53*d - 110. List the prime factors of n(26).
2, 5, 131
Let z(p) = 5*p**2 - 20*p + 1. List the prime factors of z(11).
2, 193
What are the prime factors of 86/(-602) - 3950/(-14)?
2, 3, 47
Let t = 132 - 5. Suppose t = 3*v - 53. What are the prime factors of v?
2, 3, 5
Let y(z) = -3*z**2 - 7*z - 3. Let q be -5 - (1 - (6 + -3)). Let m be y(q). Let l = -6 - m. What are the prime factors of l?
3
Let t = 0 + 3. Suppose -20 = -2*z + t*h + 2*h, -20 = z + 5*h. List the prime factors of (4 - 1) + (z - -27).
2, 3, 5
Suppose 5 = 4*f + 1, -2*f = 4*k - 38. Suppose k = 2*l - 205. List the prime factors of l.
107
Suppose -692 + 100 = 4*z. List the prime factors of 1/3 + z/(-6).
5
Suppose 15 = g + 41. Let r be 223/5 - g/65. Let o = r + -6. List the prime factors of o.
3, 13
Let q = -148 + 100. Let w = -23 - q. Suppose -15*v + 10*v + w = 0. What are the prime factors of v?
5
Let p = 1320 - 748. Suppose 31*m + p = 33*m. List the prime factors of m.
2, 11, 13
Suppose -n - g + 0 = -44, 3*n - 144 = 3*g. Let b = 66 - n. Suppose 4*k + 154 = 2*w, -w + 29 = 5*k - b. What are the prime factors of w?
3, 23
Let p = 19 - -1. Suppose -31 - p = -3*m. What are the prime factors of m?
17
Suppose -c + 3 - 2 = 0. Let o = c - -3. Suppose 8*y = 6*y + o. List the prime factors of y.
2
Let x = -222 + 305. List the prime factors of x.
83
Let g = 1274 - 174. List the prime factors of g.
2, 5, 11
Suppose 48 + 48 = 6*i. Let j(n) be the third derivative of -n**5/60 + 3*n**4/4 + n**3/3 - 2*n**2. What are the prime factors of j(i)?
2, 17
Let j(h) = -h**2 - 8*h - 4. Let q = -24 + 16. Let o be j(q). What are the prime factors of 3/(3*o/(-40))?
2, 5
Suppose -488 - 572 = -5*g. List the prime factors of (-5)/(40/g)*-2.
53
Suppose -2*z - 7*u + 3388 = -9*u, 3*u = 2*z - 3390. What are the prime factors of z?
2, 3, 47
Let r(t) = 286*t - 5. What are the prime factors of r(4)?
17, 67
Let v = 60 - 19. Let k = 93 - v. List the prime factors of k.
2, 13
Let v be (-2)/(-1 + (-3)/(-6)). Suppose d + v*d = 10. What are the prime factors of 16 + d/(2/(-1))?
3, 5
Let w = 382 + 756. List the prime factors of w.
2, 569
Let c be (-32)/(2*3/(-12)). Let p = -39 + c. Let h = 0 + p. List the prime factors of h.
5
Let b(y) = -4*y**3 + y + 1. Let k be b(-1). Let p be 11/k - (-2)/8. Suppose p = -c + 25. What are the prime factors of c?
2, 11
Let k(s) = s + 1. Let j be k(4). Suppose -3*o - 272 = -j*a - 38, -2*a = -4*o - 102. Suppose -v + 4 = 3*q - 36, v - a = -4*q. List the prime factors of v.
5
Let r = 5335 - 1023. List the prime factors of r.
2, 7, 11
Let w = -94 - -215. What are th